Let y = x - 145. What is the hundreds digit of y?
3
Let g be (-1205)/(-15) + 1/(-3). Let f = -85 + 42. Let h = g + f. What is the units digit of h?
7
What is the units digit of ((-8)/(-4))/((-7)/(-24472))?
2
Let v(i) = 31*i + 42. Suppose -3*t - 2 = -23. What is the hundreds digit of v(t)?
2
Let y = -33 - -35. Suppose 5*w - 241 = y*l - 6*l, 195 = 4*w + l. Suppose 3*f - 140 = w. What is the tens digit of f?
6
Suppose 5*b = 4*j + 12, -4*b + 4*j = -0*j - 8. Suppose -7 = -2*c + h, 4*c = -0*c + b*h + 20. What is the units digit of (c - (-48)/(-20))*-32*10?
8
What is the hundreds digit of 1/3*(9 + -18) + (-147589)/(-13)?
3
Suppose -2*m - 2*u = -16, 0 = 6*u - 2*u - 20. Suppose -m*y - 12 = 0, 4*n - 7*n - 27 = -3*y. What is the tens digit of (19 - 27)/(n/6 + 2)?
4
Let l(h) = 2*h - 210*h**2 + 424*h**2 - 224*h**2 + h**3 + 12*h + 40. What is the units digit of l(12)?
6
Let c be -12 + 13 + 0/(-3) - -58337. What is the tens digit of ((-4)/(-7))/(36/c)?
2
Suppose -3*f + 5*t + 4502 = 0, 3*t - 1552 + 70 = -f. Let q = -342 + f. What is the tens digit of 84/140 + (q/5 - 0)?
3
Let f = 9230 - 5901. What is the hundreds digit of f?
3
Suppose -10*n + 4*n = -12. Suppose n*k = -6*k + 3864. What is the hundreds digit of k?
4
Let i = -1810 - -6659. What is the thousands digit of i?
4
Let c(l) = -l**3 - 32*l**2 - 8*l + 53. Let r be c(-31). Let z = r + 1122. What is the tens digit of z?
6
Suppose -23063 = 2*z - 6*z - 3007. What is the hundreds digit of z?
0
Let c = -108785 - -153024. What is the units digit of c?
9
Suppose -145*r = 70*r - 86*r - 4779063. What is the ten thousands digit of r?
3
Let p = 2595 + -1747. Suppose 126 = u - 4*k - p, 5*u - 4810 = 5*k. What is the units digit of u?
8
Suppose 3*w = -32 + 110. Suppose -31*r = -w*r + 305. What is the units digit of -6 - 0 - -4 - r?
9
Let s = 268 - 423. Let j = 347 + s. Suppose -j = i - 7*i. What is the tens digit of i?
3
Suppose 0 = -3*y - 5*a + 101, -5*a + 21 = 1. Suppose -y*x + 2915 = -10180. What is the hundreds digit of x?
4
Suppose 35*z = 138307 + 116660 + 554058. What is the units digit of z?
5
Suppose 2*q + 2552 = -3*l, -9*q = -11*q - 2*l - 2550. Let y = q + 1815. What is the hundreds digit of y?
5
Suppose -9 = g - 4*g. Suppose -120 - 3837 = -g*y. What is the thousands digit of y?
1
Let n(t) = -2*t**3 + 39*t**2 + 23*t + 44. Let g be n(20). Let r = 448 + g. What is the units digit of r?
2
Suppose -88 + 13 = 3*k. Let b be (-5)/k + (-3342)/(-15). Suppose s = 4*s - g - b, 4*s - 319 = -3*g. What is the tens digit of s?
7
Let n(j) = j**3 + 10*j**2 + 10*j + 9. Let v be n(-9). Suppose -f + 171 = -4*b, -2*b + 5*b - 4*f + 112 = v. What is the tens digit of (-3 - b/8)*366/5?
8
Suppose -g = -5*g, 2*s - 2*g - 8 = 0. Suppose s*w - 1148 = 84. What is the tens digit of w?
0
Let z = -182667 + 260087. What is the units digit of z?
0
Let h be (5/(-10) - -2)/((-6)/(-80)). Suppose h*t - 13570 = 10*t. What is the units digit of t?
7
Suppose 0 = -3*l - 2*a + 43, -4*l + 5*a + 9 = -56. What is the units digit of (l/25)/(6/3540)?
4
Let l(t) = 2*t**2 - 9*t + 7. Let a be l(8). Let p = 4 - a. Let b = p + 215. What is the tens digit of b?
5
Let i(z) = z**3 - 17*z**2 + 20*z + 3. Let f be i(16). Suppose 430 = 3*r + 2*r. Let v = r - f. What is the units digit of v?
9
Let p = -11 - 0. Let z = 113 - 80. Let y = z + p. What is the units digit of y?
2
Suppose 0 = 2*x - 96*w + 94*w - 1858, 0 = -3*x + 2*w + 2789. Suppose 3*u - 30 = -3*f, -u + 4*f - 5 = -0*u. Suppose u*d + 280 = x. What is the tens digit of d?
9
Let m = -11197 - -23996. What is the units digit of m?
9
Suppose -3*s = 2*q - 385, -580 = -3*q - 27*s + 22*s. Let w = 1 - 1. Suppose -2*k = 0, w = -5*a + 3*k + 2*k + q. What is the tens digit of a?
3
Let g(p) = p - 2. Let n be g(4). Suppose n*b - 61 = -5*z + b, 0 = 3*z - b - 43. Suppose -7*a + z = -813. What is the tens digit of a?
1
Let n(v) = -30*v. Let k = 105 + -107. What is the units digit of n(k)?
0
Let s = 4477 + -418. What is the tens digit of s?
5
Let d be (-2)/5*(-101990)/31. Suppose -1313 = -3*q + n, -3*q - 2*n + d = 9. What is the tens digit of q?
3
Suppose 0 = -5*l, w = 2*l + 6 + 8. Let v(x) be the second derivative of -x**5/20 + 7*x**4/6 + 7*x**3/6 - 19*x**2/2 - 3*x. What is the units digit of v(w)?
9
Suppose 2552 = -2*x - 5*w + 4*w, -2*w - 2548 = 2*x. Let d = -799 - x. What is the units digit of d?
9
Let p be (4/(-6))/(3/(-9)). Let t be 2 + 16 + (4 - p). What is the units digit of (8 - t/5)/(2/23)?
6
Suppose -4*c + 48 - 20 = 0. Suppose -5*l + 20 = -2*b + c*b, 4*l - b = 11. Suppose -3*s + l*z - 5 = -2*s, -2*z = -s - 1. What is the units digit of s?
7
Let z be ((-72)/(-7) - 6)/(1/(-28)). What is the tens digit of 675/2 + 6*10/z?
3
Suppose -48 = -7*b - 6. Suppose -5*q - b + 26 = 0. Suppose z - 113 = -q*o, o - 2*z - 12 = z. What is the units digit of o?
7
Let s(h) = h**2 + 19*h - 8. Let t = -78 - -58. Let r be s(t). Let f(m) = m**2 - 9*m - 6. What is the tens digit of f(r)?
3
Let x(d) = 211*d**2 - 49*d - 222. What is the tens digit of x(-7)?
6
What is the hundreds digit of 17109 + 99 - (-4)/(8/(-6))?
2
Suppose 3*c + 2*w = 82060, 415*w - 412*w + 136773 = 5*c. What is the hundreds digit of c?
3
Suppose 3*m = -5*o + 3 - 0, -4*o = 12. Suppose -m = 2*b, 8*l - 5*l + 5*b = 1575. What is the hundreds digit of l?
5
Let h(u) = 10*u**2 - u - 1. Let a be h(-1). Let n(j) = 39*j - 48. What is the tens digit of n(a)?
4
Suppose 41*k = 76*k - 211085. What is the hundreds digit of k?
0
What is the tens digit of 15748/3 + (-128)/96?
4
Let g be (-8)/14 + (-156)/(-28). Suppose 0 = g*u - 20 + 5. Suppose -5*n + u*q + 381 = 4*q, 215 = 3*n + 4*q. What is the tens digit of n?
7
Suppose -4*z = 3*d + 241, 5*z + 5*d = -22 - 273. Let h = z - -151. Suppose 73 = o - h. What is the tens digit of o?
6
Let p = 72 + -72. Suppose p = 3*o - 1417 - 1799. Suppose -10*c + o = -2*c. What is the tens digit of c?
3
Let o(x) = 3*x**3 - 2*x**2 + 4*x - 4. Let k be o(2). Let d(r) = r - 10. What is the tens digit of d(k)?
1
Let r = -239 + 118. Let i = r - -225. What is the hundreds digit of i?
1
What is the tens digit of (-101216)/(-272) - (-4)/(-34)?
7
Let y be (768/60)/(1 + 3/(-5)). What is the units digit of (y/(-12))/(16/(-8280))?
0
Let v be (2/3)/((-2)/30). Let n(l) = 12 + 256*l + 4*l**2 + 259*l - 510*l - 2*l**2. What is the hundreds digit of n(v)?
1
Let c(x) = x**2 - 5. Let b be c(-3). Suppose b*k + k = -2*r + 1526, 2*k = -5*r + 602. Suppose 282 + k = 6*z. What is the units digit of z?
8
Let l(c) = -c**3 - 6*c**2 - 5*c + 2. Let m be l(-5). Suppose -m*w = -2, 0 = -3*z + z + 4*w + 1180. Suppose -z + 42 = -11*r. What is the tens digit of r?
5
Suppose r - 4*j - 3486 = 0, -47*r + j = -42*r - 17430. What is the thousands digit of r?
3
Suppose 3*i = -6*i + 3528. Suppose 3*v + 5*b = 841, -v = 2*b - i + 111. What is the tens digit of v?
7
Suppose 0*l = -l + 3. Suppose -4*u + 15 = -3*z, 3*z = l*u - 1 - 14. What is the units digit of (2 + u)/(((-12)/(-27))/2)?
9
Let d = 6112 + -3576. Suppose -23*v + d + 477 = 0. What is the units digit of v?
1
Let x be 5/((-15)/9) - (-7 + -1). Suppose -j + 261 = -2*u, -x*j = 6*u - 11*u - 1310. What is the hundreds digit of j?
2
Let j = 1950 - 1118. Suppose -o + j = 7*o. What is the units digit of o?
4
Let f be 3160/14 + (-2)/(-7). Suppose -21*a + 13*a = -5080. Suppose -3*j = -2*x - 7*j + f, 5*x - 4*j = a. What is the units digit of x?
3
Let s be ((-39)/26)/((-3)/4). Suppose 3*c + 5*m = -s*c + 1495, -4*m - 568 = -2*c. What is the tens digit of c?
9
Let k be 3 + (9 - 6) + 4569. What is the units digit of 9/(-6)*(1 - k/9)?
1
Suppose -j - q + 4*q + 432 = 0, 0 = -2*j + 4*q + 860. Let p = -315 - -19. Let n = j + p. What is the tens digit of n?
3
Suppose -28*t + 17804 = -27*t + 2*v, -t + 5*v + 17839 = 0. What is the units digit of t?
4
Suppose 0 = 3*w + 9, 27*s + 3*w = 25*s + 589. What is the hundreds digit of s?
2
Let r be 1 + 927/(-6)*-4. Suppose -2*h + 0*h = 3*z - 1245, -r = -h - 5*z. Let m = h - 400. What is the units digit of m?
4
Let g be 2/((-3 - 9760/(-1625)) + -3). Let h(b) = -b**2 + 9*b - 8. Let w be h(7). Suppose 0 = i - w*i + g. What is the tens digit of i?
6
Suppose 5*s + 20 = 0, 10*s - 760 = -4*b + 6*s. Suppose 186 = -6*u + 7*u - z, u - b = 5*z. What is the hundreds digit of u?
1
Suppose -3*u = -0*f - f + 24, -2*f = -5*u - 47. Let m = 129 -